the prime factors of l(-12)?
2, 3, 29
Let y(p) = 2*p + 2. Let m be y(1). Let h(j) = -j**3 + 4*j**2 + 6*j - 5. Let f be h(5). Suppose -40 = -m*u - f*u. What are the prime factors of u?
2, 5
Let c(f) = -f**3 + 1. Let t be c(1). Let r = t - -24. List the prime factors of r.
2, 3
List the prime factors of (11*13)/((0 - 4)/(-4)).
11, 13
Suppose -15 - 213 = -4*b. What are the prime factors of b?
3, 19
Suppose 204 = 4*m + 8. List the prime factors of m.
7
Let f(j) = j**3 + 6*j**2 - 2*j + 6. Let n be f(-6). List the prime factors of (-42)/9*n/(-4).
3, 7
Let w = -6 + 5. Let l be -7 - 0/(w - 2). Let q = l - -14. List the prime factors of q.
7
Let x = 3 - 3. Suppose x = 4*h - 280 + 76. Suppose -4*n + h = n + 2*g, 0 = 4*n + 5*g - 34. List the prime factors of n.
11
List the prime factors of (-87)/6*-2 - 1.
2, 7
Let k = -35 + 49. List the prime factors of k.
2, 7
Let s(q) = -2*q**2 + 7*q - 4. Let g be s(4). Let b(z) be the first derivative of -z**4/4 - 7*z**3/3 + 9*z**2/2 + 12*z - 3. List the prime factors of b(g).
2
Let a(u) = u**3 + 7*u**2 + 7*u + 6. Let b be a(-6). List the prime factors of 1 + b + 6/3.
3
Suppose -5*f = 2*v + 4, 2*v + 6 = -v. Let y(g) = g - 1. Let d be y(f). What are the prime factors of d/2*(-10)/1?
5
Let t(i) be the second derivative of -9*i**5/20 + i**4/6 + i**3/6 + 2*i. List the prime factors of t(-1).
2, 5
Let i(l) = l + 10. Let j be i(0). Let z = j - 8. What are the prime factors of z?
2
Let y be (-68)/6*(-15)/5. Suppose 3*c - 50 = y. Suppose -5*h + c = -22. List the prime factors of h.
2, 5
What are the prime factors of (-4)/(-6)*114/2?
2, 19
Let v = -4 + 4. Suppose v = -2*w + 5*a - 19, -3*a + 2 = 3*w - 22. What are the prime factors of w?
3
What are the prime factors of 3/12 + 812/16?
3, 17
List the prime factors of (2/(-6))/((-1)/66).
2, 11
Let w(m) = 4*m**2 + 2*m - 1. Let h be (-3 - 46/(-14))*7. What are the prime factors of w(h)?
19
Let d(r) = 7*r**2 - 11*r + 25. What are the prime factors of d(4)?
3, 31
Let i(u) = -u**2 + 7*u + 12. Let w = -5 + 14. Let s be i(w). What are the prime factors of 32/(-3)*s/4?
2
Let r be 0 + -1 - (-57)/3. Suppose -4*b - r = -6*b. Suppose 12 = 3*f - b. What are the prime factors of f?
7
Let x = -3 - -3. Suppose x*s - 18 = -3*s. What are the prime factors of s?
2, 3
Let f(c) = 10*c + 185. What are the prime factors of f(0)?
5, 37
Let x(l) = -3*l - 1. Let a be x(-1). Suppose -2*b = a*b - 20. List the prime factors of b.
5
Suppose 2*l + 2*y - 74 = 0, -4*l = -5*y - 75 - 100. List the prime factors of ((-16)/10)/((-8)/l).
2
Let n = -5 - -4. List the prime factors of ((2 - n) + -2)*14.
2, 7
Let a be (-3)/((-5)/(380/(-6))). Let t = a - -56. What are the prime factors of t?
2, 3
Let k = -20 - -74. What are the prime factors of k?
2, 3
Let c(n) = -3*n**2 + 1. Let x be c(-1). List the prime factors of 1 - -1*(x - -21).
2, 5
Suppose -4*r = -12 - 0. Suppose 5*n + 4*t - 60 = 0, -r*n + 39 = 2*t + 1. Suppose n = -2*x + 5*g, -2*x - 2*x + 4*g = 8. List the prime factors of x.
2
Suppose -c = 3, 3*u - 4 = -4*c - 1. Suppose u*y - 8*r - 85 = -3*r, 5*r = -y + 5. What are the prime factors of y?
3, 5
Suppose 0*f + 3*f + 6 = 0. Let k(l) = 2*l**2 + 3*l + 3. List the prime factors of k(f).
5
Let u be ((-8)/2)/(5 + -7). Suppose u*n + 2 = 12. List the prime factors of n.
5
Suppose -4 = 4*q + 5*z + 17, 2 = -2*z. Let r = 6 - q. What are the prime factors of r?
2, 5
Suppose 2*r = 5*m - r - 21, 5*m - 25 = 5*r. Let j be (-4)/6 - 40/m. What are the prime factors of 82/7 + (-4)/j?
2, 3
Let g(t) = -t**2 + 7*t. Let f be g(5). Let a be 146/f - (-4)/10. Suppose 4*z - z = a. What are the prime factors of z?
5
What are the prime factors of 20 - (-4 + 1 - -5)?
2, 3
Let r = 6 + -11. Let n = r + 7. List the prime factors of n.
2
Let g(a) be the first derivative of 4*a**3/3 + 13*a**2/2 + 3*a - 6. What are the prime factors of g(-5)?
2, 19
Suppose 5*p - 560 = 5*w, 4*p - 2*w - 424 = -6*w. Suppose 5*c - p = -24. List the prime factors of c.
17
Let x(p) = -p**2 - 10*p + 6. Let c(u) = -u - 6. Let d be c(0). Let g = -3 + d. What are the prime factors of x(g)?
3, 5
Let y = 100 + -44. What are the prime factors of y?
2, 7
What are the prime factors of 72/(-7)*(-252)/54?
2, 3
Suppose 0 = 3*d - 0*d - 12. Suppose -d*a + 48 = -0*a - 4*v, 5*v + 44 = 4*a. List the prime factors of a.
2
Let q(y) = -17*y - 11. List the prime factors of q(-5).
2, 37
Let x(c) = -c**3 + 7*c**2 + 2*c + 8. Let n(l) = 3*l**2 + 4*l + 3. Let d be n(-2). What are the prime factors of x(d)?
2, 11
Let k(z) = 29*z - 5. List the prime factors of k(1).
2, 3
Suppose -2*r - 4*i = -7*r + 402, 2*i = 3*r - 240. List the prime factors of r.
2, 3, 13
Let x = 65 + -95. List the prime factors of x/((30/(-4))/5).
2, 5
Let j be 2/(-6) + 808/(-24). Let r be (-8)/(-12) + j/(-3). Suppose r = 2*a - 0*a. What are the prime factors of a?
2, 3
Let q(z) = z**3 - 14*z**2 + 17*z + 8. Let l be q(13). List the prime factors of (l/9 - -3)*3.
29
Let c = 270 + -193. What are the prime factors of c?
7, 11
Let c(f) = -5*f + 0*f + 7 - f**2 + 4*f. What are the prime factors of c(0)?
7
Let m = 396 - 104. List the prime factors of m.
2, 73
Suppose 2*p = -75 + 215. Suppose -g - p = -6*g. Let u = g - 4. What are the prime factors of u?
2, 5
Let x be 3/6 + (-14)/(-4). List the prime factors of (-6)/x*(-28)/6.
7
Suppose 3*b + 2*b = 5*m - 115, -4*m - b = -72. List the prime factors of m.
19
Let w be 84/(-22) + 4/(-22). List the prime factors of (-7)/28 - 89/w.
2, 11
Let k = -6 - -12. Suppose 2*u - k - 16 = 0. What are the prime factors of u?
11
Suppose 0 = -2*x + x - 5, 5*q = -3*x + 25. Suppose -5*w - 22 = q. List the prime factors of (5 + -1)*(-21)/w.
2, 7
Let i(q) = q**3 + 11*q**2 + 10*q + 3. Let u be i(-10). Suppose u - 6 = -h. List the prime factors of h.
3
Let u(n) = n**2 - 4*n - 3. Suppose 2*c = -0*c + 6. Suppose x = c + 3. List the prime factors of u(x).
3
Let y(j) = j + 11. Let m be y(-8). Let h = m + 5. List the prime factors of h.
2
Let y = -4 - -2. Let t = 8 + y. What are the prime factors of t?
2, 3
Let l(p) = -9*p + 12. List the prime factors of l(-6).
2, 3, 11
Suppose 0 = -4*t - 16, 14 = 2*l - 3*l - 4*t. Suppose -5*b + 4*y + 85 = 0, y + 31 = l*b - 0*y. Let r = b + -7. List the prime factors of r.
2, 3
Let o(v) be the third derivative of -7*v**4/24 - v**3/2 - 8*v**2. List the prime factors of o(-5).
2
Let h(i) = i**2 + 10. What are the prime factors of h(5)?
5, 7
Suppose 4*a - 3*s - 151 - 84 = 0, 0 = -a - s + 50. What are the prime factors of a?
5, 11
What are the prime factors of (-322)/(-7) - 0/2?
2, 23
Let b be 5 + -4 + 1 + 0. Suppose b*h + 57 = 3*h. What are the prime factors of h?
3, 19
Suppose 50 = 2*n - 2*l + 7*l, -4*l = n - 31. List the prime factors of n.
3, 5
Let h(g) = g**2 + 2*g - 4. Let n be h(-4). Suppose n*w - 18 - 6 = 0. Suppose -v + w + 3 = 0. List the prime factors of v.
3
Let o(g) = 26*g**2 - g. What are the prime factors of o(2)?
2, 3, 17
Suppose -2*g + 0*g = 10. Let h(s) = s**3 + 2*s**2 - 4*s. Let b be h(-4). Let z = g - b. What are the prime factors of z?
11
Let a = -40 - -69. Suppose -9 = -2*b + 5*p, 4*p + a = 9. List the prime factors of (-78)/b + (-2)/(-8).
2, 5
Let s be (-4)/(-2)*(-1 + 8). Let i = s - 3. List the prime factors of i.
11
Suppose 24*f - 27*f = 6. List the prime factors of 42 + 1 + f + 1.
2, 3, 7
Let n(i) = 17*i**2 - 2*i + 1. Let q(h) = -h**2 + 6*h + 1. Let a be q(6). Let r be n(a). Suppose 5*k = -r + 61. What are the prime factors of k?
3
Let z = 151 + -99. Suppose 126 = 3*o + 3*g, -o + 5*g + 3 = -51. Suppose -2*u - o = -2*x - x, 4*x = u + z. What are the prime factors of x?
2, 3
Let w(q) be the third derivative of q**6/120 - q**5/60 + q**4/12 - q**3/3 + 3*q**2. Let r be w(3). Let b = -7 + r. List the prime factors of b.
3, 5
Let u = 45 - 19. List the prime factors of u.
2, 13
Suppose 23*n = 17*n + 72. List the prime factors of n.
2, 3
Let f = 251 - 94. What are the prime factors of f?
157
Let u = -117 + 304. List the prime factors of u.
11, 17
Let c(s) = -s**3 + 5*s**2 + s - 3. Let h be c(5). Let n be (-1)/((6/(-63))/2). Suppose -u + n = h*u. What are the prime factors of u?
7
Let z(a) = -3*a + 12. Let f(c) = 2*c - 6. Let p(n) = 5*f(n) + 3*z(n). Let s be p(-6). Suppose 3 = l + q - 1, -3*q = s. List the prime factors of l.
2
Suppose n = -3*m + 26, 2*n - 45 = -4*m - 1